5. Let h(j) = 8*j**2 + 4*j - 9. Let q(o) = -11*g(o) + 6*h(o). Suppose -6*v - 6 + 0 = 0. Determine q(v).
3
Let q(m) = 11*m**3 + 0*m**3 - m - 3*m**3. Let a be 3*(-2 + (-7)/(-3)). Determine q(a).
7
Let f be (-14)/10 + (-2)/(-5). Let o(j) = 2*j**3 - j**2 + 3*j - 4. Let q(g) = -3*g**3 + g**2 - 2*g + 3. Let h(m) = 3*o(m) + 4*q(m). What is h(f)?
6
Let k(f) = -8*f + 3*f + 4 + 4*f. Suppose 5*l + 24 = 9*l. Let t(d) = 2*d - 7. Let c(u) = l*t(u) + 10*k(u). Give c(-2).
-6
Let a(z) = -6*z - 4. Let k(t) = 2*t + 1. Let x(v) = 4*a(v) + 11*k(v). Suppose 0 = -2*f - 7 - 5. Let h be ((-27)/f - 2)*-2. Give x(h).
5
Let d(p) = p**3 - 3*p**2 - p - 2. Let f be d(4). Let j = -6 + f. Let w be j/(-6)*6/4. Let g(v) = v**3 + 2*v**2 - 1. Give g(w).
0
Let d(o) be the third derivative of 3*o**4/8 - o**3/6 - 9*o**2. What is d(1)?
8
Let i(w) = w**3 + 4*w - 6. Let y(u) = u**3 + 5*u - 7. Let o(g) = 5*i(g) - 4*y(g). What is o(0)?
-2
Let l(x) be the second derivative of x**3/3 + x**2 + x. Let t(h) = -h - 31. Let y be t(-29). Calculate l(y).
-2
Let s be 2/(3/(-2) - -1). Suppose v + 7 = 5*f, -v - 11 = -4*f - 2*v. Let z(u) = 8 - 10 - 3*u**2 + 2*u**2 + 3*u + 2*u**f. Give z(s).
2
Let b(h) = -h + 8. Let g be b(8). Let v = 6 - g. Let p(u) = u**2 - 6*u - 5. Calculate p(v).
-5
Let n(a) = 2*a**3 - 10*a**2 - 4*a - 7. Let k(i) = i**3 - 5*i**2 - 2*i - 4. Let l(b) = -5*k(b) + 3*n(b). Let p be 4/18 + (-946)/(-198). Calculate l(p).
-11
Let r(t) = -t**3 + 3*t**2 + 4*t + 3. Let a = -28 - -33. Suppose -a = -m - 1. Determine r(m).
3
Let f(i) = -i**2 - i - 1. Let w(g) = 4*g**2 + 6*g + 5. Let h(s) = -2*f(s) - w(s). Let u be ((-9)/15)/((-1)/5). Suppose -u - 9 = 4*d. Determine h(d).
-9
Suppose 5*t = -g - g - 7, -5*g = 5*t - 5. Let v = g + -9. Let n(x) = x**2 + 5*x - 6. Determine n(v).
-6
Let r(d) = -5*d**2 - 1 + 4*d**2 - d**2 + 3. Suppose 7 = -2*p - y - 1, 3*y = p - 10. Give r(p).
-6
Let m(i) = i**2 - 5*i + 1. Suppose 5*z - 25 = -15. Give m(z).
-5
Let q(r) = 8*r**2 - r + 1. Let h be 0 + 3/(-6)*-2. Give q(h).
8
Suppose 16*u = 17 - 97. Let c(v) = 11*v - 4*v + v**2 + 5 + 0. Calculate c(u).
-5
Let c be 8/6 + (-4)/(-6). Let s(k) = -5 + k**2 - 3*k**2 - 3*k**c + 2*k + 6*k**2. What is s(-4)?
3
Suppose -6 = -w - 8. Let f(o) = o**2 + 5*o + 1. Determine f(w).
-5
Let m(h) be the third derivative of -h**4/12 + h**3 + 7*h**2. Calculate m(4).
-2
Let s be (-10)/35 + (-108)/14. Let f be s/6*3/(-2). Let n(w) = -3*w - 4 - w**2 + 2*w**2 + 6. Calculate n(f).
0
Let w(q) = 1. Let t(i) = i + 1. Let m = -21 - -19. Let r(y) = m*w(y) + 3*t(y). Give r(-1).
-2
Let o(a) be the third derivative of -a**4/12 - 5*a**3/6 + a**2. Calculate o(-4).
3
Let o be ((-1)/3)/(1/24). Let k(a) = a**3 + 7*a**2 - 9*a - 6. Determine k(o).
2
Suppose -26*m + 70 = -12*m. Let n(w) = 5*w**3 + 6*w**2 + 2*w + 2. Let q(a) = a**3 + a + 1. Let x(s) = n(s) - 6*q(s). What is x(m)?
1
Let y(m) = m**3 + 4*m**2 - 8*m - 7. Suppose 0 = 4*c - z + 27, 0 = -4*c - 2*z - 10 - 20. Let r be c + (-5)/(20/(-8)). Determine y(r).
8
Let i(l) = -l**3 + 11*l**2 + 2. Let c be i(11). Let v(t) = 2*t**2 - t + 2. Determine v(c).
8
Let d(r) = -8*r**3 - r**2 + 1. Suppose 0*k + 1 = s + 4*k, 31 = 3*s + 5*k. Suppose 5*l + s = -4*p, 5*l - l = p - 22. Suppose -5 = 7*q - p*q. Give d(q).
8
Let t(p) be the second derivative of p**7/2520 - p**6/360 - p**5/60 + 3*p**4/4 + p. Let w(u) be the third derivative of t(u). Calculate w(5).
13
Let g(a) be the second derivative of -a**4/12 + a**3/6 - 2*a**2 - 10*a. Calculate g(0).
-4
Suppose 2*u + 2*c = 3*u + 9, 24 = -2*u + 2*c. Let m = 4 + 20. Let r be u/3*m/20. Let n(l) = l**2 + 4*l - 6. What is n(r)?
6
Let j(s) = s**3 - 6*s**2 + 2*s - 5. Let v be 2/(-4) + (-65)/(-10). Determine j(v).
7
Let c be (-1)/(26/(-8) + 3). Let l(f) = 35*f**3 - 34*f**3 + 1 - f + c*f**2 - 2*f**2. Determine l(-2).
3
Let k(v) be the second derivative of -v**7/840 + 7*v**6/360 + v**5/120 - 5*v**4/12 + v**3/2 - v. Let s(w) be the second derivative of k(w). Calculate s(7).
-3
Let m = 6 - 3. Let n(u) = 7*u**m - 5*u**3 - 2*u + 2 - u**3 - 2*u**2. What is n(2)?
-2
Let n(v) = -3*v + 10. Let r(t) = -2*t + 7. Let w(x) = -5*n(x) + 7*r(x). Calculate w(3).
2
Let b(d) = 3*d + 9. Let o(y) = 3*y + 9. Let v(l) = -5*b(l) + 6*o(l). Give v(-7).
-12
Let k(f) = f**2 + 1. Let n(d) = -3*d**2 - d + 4. Let p(x) = 4*k(x) - n(x). Let a be (-1)/(2 + 1 + -2). Calculate p(a).
6
Let q(n) = n**3 + 7*n**2 + 5*n - 2. Suppose 0 = -2*h - 0 + 6. Suppose -x = -j, 5*j - 2*j - 2*x = 2. Suppose -h*s + 6*s + j*o = -16, 3*o = -4*s - 21. Give q(s).
4
Let u(d) = d - 1. Let o be u(0). Let g(x) = 0 + 1 - 108*x - 113*x + 229*x. What is g(o)?
-7
Let h(o) = o**2 + 4*o + 2. Let d be 3 - (7 - 0/(-1)). Calculate h(d).
2
Let g = -4 + 10. Suppose -1 = -z + o, o - g*o - 5 = 0. Suppose -20 = -2*i - z*i - 2*w, 4*w + 5 = 5*i. Let x(s) = -s + 4. Give x(i).
-1
Let g(z) = 5*z**3 + 4 - 2*z - 5 + 4*z**3 - z**3. Calculate g(-1).
-7
Let u(p) be the third derivative of 13*p**6/120 + p**5/60 + p**4/24 - p**3/6 + 31*p**2. Calculate u(1).
14
Let a = -4 + 7. Let t(h) = -3 + a*h - 1 + 5. Let x be 0/1 + (0 - 2). Give t(x).
-5
Let j(i) = -7*i + 13 + i**2 + 2 + 0 - 10. Let l be (-5)/(-3)*3*1. Determine j(l).
-5
Let a(c) = -c**2 + 0*c**2 + 21*c**3 - 22*c**3. Calculate a(-3).
18
Let w(c) = -c - c**2 - c**2 + 1 + 2*c - c**3. Let g be (-72)/39 + 4/(-26). Determine w(g).
-1
Let i(a) = -a - 12. Let m(x) = -2*x + 2. Let j be m(-3). Let k(f) = f**2 - 7*f - 11. Let p be k(j). Let w = -3 + p. What is i(w)?
-6
Let x(c) = -10*c - 1. Suppose 2*a + 0*a - 2*b + 20 = 0, 3*a - 2*b = -27. Let k(g) = -g**2 - 6*g + 6. Let t be k(a). Give x(t).
9
Let w(j) = j**2 - 4*j - 10. Let s be w(6). Let d(o) = 0*o**2 + o + 3*o**2 + 2*o**3 - s*o**2. Determine d(-1).
-2
Let k(z) = -z**2 - 2*z + 1. Suppose -4*p + 6 = 30. Let w be (p - -4)*3/2. What is k(w)?
-2
Let z(o) = -2*o**3 + 3*o**3 + 0*o**3 - 4 - o. Determine z(0).
-4
Let i(v) = v**3 - 5*v**2 + 4*v**2 + v**2 - 7 - 2*v - 5*v**2. What is i(6)?
17
Let q(m) be the second derivative of m**4/12 - m**3/2 - 5*m**2/2 - 10*m. Let l be q(4). Let w(s) = 2*s + 1. Give w(l).
-1
Let t(i) = -4*i - 6. Let a be -7 - (-6)/4*2. Give t(a).
10
Let c(w) = -2*w + 2. Let j be (-17)/(-6) + 3/18. Give c(j).
-4
Let h(m) be the third derivative of -m**6/120 - m**5/20 - m**4/24 + 4*m**2. Let v(s) = -s + 7. Let f be ((-30)/(-2))/((-9)/(-6)). Let g be v(f). What is h(g)?
3
Let w(o) be the third derivative of -1/8*o**4 + 8*o**2 + 0*o + 0 + 1/6*o**3. Calculate w(-2).
7
Let w be (-63)/6 - 1/(-2). Let b = w + 4. Let i(m) = -m**3 - 6*m**2 - 2. Give i(b).
-2
Let l(x) = -15*x**3 + 4*x**2 - 16*x - 12. Let j(r) = -13*r**3 + 5*r**2 - 15*r - 12. Let t(s) = 7*j(s) - 6*l(s). Calculate t(10).
-2
Let f(h) = h**3 - 3*h**2 - 3*h - 4. Let m = 5 - 1. Let i be f(m). Let k(y) = -4*y**2 + 5 + y**3 - 2*y + i*y**3 + 1. Determine k(4).
-2
Let s(r) = -4*r + 5. Let z = -23 + 27. Give s(z).
-11
Let b(w) = -w - 14. Let o(a) = -a + 1. Let v(j) = b(j) + o(j). Let p be v(-7). Let y(u) = -9*u**3 - 2*u + 1. Calculate y(p).
-10
Let c(d) be the first derivative of d**3/3 + d**2 - d - 2. Let a = 3 + -1. Suppose 3*z - a = 2*z. Give c(z).
7
Let m be 6/((-24)/(-20))*-1. Let v(s) = -7 - s**2 - 3*s - 4*s + 0*s. Calculate v(m).
3
Let t(o) be the second derivative of -o**3/6 + o**2/2 + 10*o - 2. Determine t(6).
-5
Let s(j) = -224*j**2 - 3*j**3 + 2*j**3 + 235*j**2 - 1 - 10*j. Give s(10).
-1
Suppose -w = -2*w - 3. Let n be (-1 + -1)*w/(-2). Let s(k) = -k**3 - 4*k**2 - 2*k + 1. Give s(n).
-2
Let f be 2 + (1/(-1) - 4). Let m(p) = -p**3 - 2*p**2 + 4*p - 1. Give m(f).
-4
Let x = 2 + 0. Let j(r) = -7*r + 17. Let y(m) = 3*m - 8. Let i(d) = 6*j(d) + 13*y(d). What is i(x)?
-8
Let y(c) = -c**2. Let z = -5 + 8. Suppose 0 = -z*x + 6*x. Determine y(x).
0
Let f(r) be the first derivative of -r**3/3 + 5*r**2/2 + 6*r + 1. Let p(a) = 4*a - 3*a - 2*a + 1 + 11*a**2 + a**3 - 7. Let s be p(-11). What is f(s)?
6
Let x(h) be the second derivative of -h**4/12 - h**3/2 + 3*h**2 + 6*h. What is x(-5)?
-4
Let c(a) = 5*a. Suppose 4*n + 20 - 52 = 0. Suppose d + 3*d = n. Suppose -d*j + 3*j = -1. Give c(j).
-5
Let d(n) = -n**3 + n**2 + n + 1. Let o be 6 - (2 + -2 + 1). Let p(m) be the first derivative of -m**3/3 + 2*m**2 + 4*m + 1. Let j be p(o). Calculate d(j).
2
Let x be (-56)/(-12)*3/2. Suppose 3 + x = 5*c. Let b(j) be the third derivative o